
148
Calculate the greatest common divisor of 319 and 13978.
29
Calculate the highest common divisor of 702 and 338.
26
What is the highest common divisor of 1518 and 33?
33
Calculate the greatest common divisor of 224 and 644.
28
Calculate the highest common divisor of 110 and 110.
110
What is the highest common divisor of 66 and 1776?
6
What is the highest common divisor of 22 and 99?
11
What is the highest common factor of 63 and 27?
9
What is the highest common factor of 616 and 33?
11
Calculate the highest common divisor of 18 and 51.
3
Calculate the highest common divisor of 133 and 1995.
133
What is the highest common divisor of 352 and 33?
11
Calculate the highest common divisor of 253 and 110.
11
What is the highest common factor of 736 and 32?
32
Calculate the greatest common divisor of 3975 and 150.
75
Calculate the highest common factor of 432 and 27.
27
What is the highest common factor of 6068 and 164?
164
What is the highest common factor of 8952 and 48?
24
Calculate the highest common factor of 392 and 49.
49
What is the greatest common factor of 917 and 1703?
131
What is the greatest common divisor of 237 and 6083?
79
Calculate the greatest common factor of 82 and 656.
82
What is the greatest common factor of 80 and 2560?
80
Calculate the greatest common factor of 155 and 527.
31
What is the greatest common factor of 9 and 99?
9
Calculate the greatest common factor of 25 and 4245.
5
What is the highest common divisor of 6503 and 7?
7
What is the highest common factor of 902 and 82?
82
What is the greatest common factor of 70 and 630?
70
Calculate the greatest common factor of 219 and 66.
3
What is the greatest common factor of 64 and 2000?
16
What is the greatest common divisor of 560 and 1232?
112
What is the highest common factor of 14076 and 1020?
204
Calculate the highest common divisor of 96 and 480.
96
Calculate the greatest common factor of 140 and 14080.
20
What is the highest common factor of 1110 and 6142?
74
What is the highest common factor of 156 and 2158?
26
What is the highest common factor of 38 and 6023?
19
Calculate the highest common factor of 12430 and 10.
10
What is the highest common factor of 160 and 370?
10
Calculate the greatest common factor of 6313 and 59.
59
Calculate the highest common factor of 12 and 276.
12
What is the greatest common divisor of 224 and 14?
14
What is the highest common divisor of 40 and 220?
20
What is the highest common divisor of 41 and 1025?
41
Calculate the greatest common factor of 48 and 300.
12
Calculate the greatest common divisor of 34 and 1088.
34
Calculate the highest common divisor of 295 and 20.
5
Calculate the highest common divisor of 320 and 25.
5
What is the greatest common factor of 4407 and 39?
39
What is the highest common factor of 33 and 891?
33
What is the greatest common factor of 1027 and 104?
13
Calculate the highest common divisor of 460 and 320.
20
Calculate the highest common factor of 147 and 1638.
21
Calculate the highest common factor of 847 and 88.
11
Calculate the greatest common factor of 1 and 83.
1
Calculate the greatest common factor of 376 and 141.
47
What is the greatest common divisor of 513 and 399?
57
What is the greatest common divisor of 275 and 253?
11
What is the greatest common factor of 254 and 17653?
127
What is the greatest common factor of 9 and 741?
3
What is the highest common factor of 45 and 1335?
15
What is the greatest common divisor of 1721 and 3?
1
What is the greatest common divisor of 46 and 506?
46
Calculate the greatest common divisor of 102 and 444.
6
Calculate the highest common factor of 1342 and 976.
122
What is the greatest common divisor of 1178 and 494?
38
What is the highest common factor of 68 and 3451?
17
Calculate the highest common factor of 85 and 5.
5
What is the greatest common factor of 72 and 156?
12
Calculate the greatest common divisor of 44 and 66.
22
Calculate the highest common divisor of 330 and 5280.
330
What is the highest common factor of 40 and 5?
5
What is the highest common divisor of 1225 and 105?
35
Calculate the highest common divisor of 930 and 70.
10
Calculate the greatest common divisor of 2507 and 23.
23
Calculate the highest common factor of 544 and 25296.
272
What is the greatest common factor of 756 and 364?
28
Calculate the greatest common factor of 9 and 747.
9
What is the greatest common factor of 33 and 1221?
33
Calculate the greatest common divisor of 2977 and 247.
13
Calculate the greatest common divisor of 94 and 47.
47
Calculate the highest common factor of 10 and 1.
1
What is the highest common factor of 3264 and 102?
102
What is the highest common divisor of 2296 and 1025?
41
Calculate the greatest common factor of 76 and 19.
19
What is the highest common divisor of 2257 and 488?
61
What is the greatest common factor of 26 and 466?
2
Calculate the greatest common divisor of 2299 and 2926.
209
Calculate the greatest common factor of 72 and 1944.
72
Calculate the greatest common factor of 40096 and 224.
224
What is the highest common divisor of 64 and 672?
32
What is the greatest common factor of 15 and 1875?
15
Calculate the greatest common factor of 12648 and 651.
93
Calculate the greatest common divisor of 11 and 4972.
11
What is the highest common divisor of 13849 and 44?
11
What is the greatest common factor of 860 and 688?
172
Calculate the highest common divisor of 378 and 112.
14
What is the highest common divisor of 10755 and 45?
45
Calculate the highest common divisor of 12 and 48.
12
Calculate the highest common factor of 540 and 324.
108
What is the greatest common divisor of 2520 and 5?
5
What is the greatest common divisor of 788 and 4?
4
Calculate the greatest common divisor of 78 and 2626.
26
Calculate the highest common divisor of 12 and 1332.
12
What is the greatest common divisor of 896 and 720?
16
What is the greatest common divisor of 60 and 390?
30
What is the greatest common factor of 363 and 12?
3
Calculate the greatest common factor of 6 and 843.
3
Calculate the greatest common factor of 338 and 26.
26
What is the greatest common factor of 39 and 4?
1
What is the highest common divisor of 10 and 4?
2
What is the highest common factor of 1023 and 528?
33
Calculate the highest common divisor of 3220 and 1400.
140
Calculate the greatest common divisor of 190 and 10.
10
What is the highest common divisor of 1075 and 645?
215
Calculate the highest common factor of 2924 and 215.
43
What is the highest common divisor of 33 and 44?
11
What is the greatest common divisor of 33 and 77?
11
Calculate the greatest common divisor of 38 and 16.
2
Calculate the greatest common factor of 390 and 4485.
195
What is the highest common factor of 7 and 567?
7
What is the greatest common divisor of 288 and 3744?
288
What is the greatest common factor of 76 and 2?
2
Calculate the greatest common divisor of 260 and 195.
65
What is the greatest common factor of 470 and 40?
10
Calculate the highest common factor of 449 and 201601.
449
Calculate the greatest common factor of 990 and 720.
90
Calculate the highest common divisor of 65 and 50.
5
What is the greatest common factor of 80 and 432?
16
What is the greatest common divisor of 65461 and 121?
121
What is the highest common divisor of 49 and 35?
7
What is the greatest common factor of 24 and 5736?
24
What is the highest common factor of 12 and 66?
6
What is the greatest common divisor of 1029 and 1176?
147
Calculate the greatest common divisor of 370 and 20.
10
What is the greatest common divisor of 300 and 240?
60
What is the greatest common divisor of 92 and 20?
4
Calculate the highest common factor of 3690 and 90.
90
What is the highest common divisor of 2173 and 82?
41
What is the highest common factor of 15 and 5235?
15
Calculate the highest common factor of 2067 and 117.
39
Calculate the highest common factor of 3078 and 90.
18
What is the greatest common factor of 111 and 11433?
111
What is the greatest common factor of 26 and 6539?
13
What is the greatest common factor of 12 and 32?
4
Calculate the highest common divisor of 8 and 96.
8
What is the greatest common factor of 4 and 26?
2
What is the greatest common divisor of 193 and 33582?
193
What is the highest common divisor of 134 and 1541?
67
What is t